/2 + 3*t - 1. Let v be o(r). What is the highest common factor of v and 36?
9
Let m be (243/(-3726))/((-3)/4) - 1702500/(-69). Calculate the highest common factor of m and 146.
146
Let b be 61/1 + -1 + 2. Let q = b - 57. What is the greatest common factor of 50 and q?
5
Let z = -5364 - -5784. Calculate the highest common factor of z and 196.
28
Let g(t) = 6*t + 62. Let y be g(10). Let h be y/5 - (-4)/(-10). Calculate the highest common divisor of h and 96.
24
Suppose -26077 = 23*h - 117502. What is the greatest common divisor of h and 75?
75
Suppose -2*x + 550 = 3*z - 120, -3*z = 4*x - 1328. Let i = -314 + x. Calculate the highest common divisor of i and 3.
3
Let r be 0 + 1 - (36 + -710). Let v = r - 579. Calculate the greatest common factor of 1248 and v.
96
Suppose -z = -4*z - 45. Let p be (5/(-25))/(3/z). What is the highest common factor of p and 4?
1
Suppose 16*v + 2*p + 7717 = 17*v, -5*v + 2*p = -38633. Calculate the greatest common factor of 59 and v.
59
Let f(i) = 27*i - 16. Let b(q) = 27*q - 17. Let k(d) = -5*b(d) + 6*f(d). Let o be k(1). Suppose -p + 12 = -4. What is the highest common factor of p and o?
16
Suppose -j - 3*h = 2*h - 10, -3*h - 162 = -5*j. Suppose 6*m + 31 = f + 4*m, 0 = f - 3*m - j. What is the greatest common factor of f and 3?
3
Let k = -8 + 26. Suppose 2*t + 4*r = 312, 11*r = 6*r + 30. Calculate the greatest common factor of k and t.
18
Let p be (0 - 4) + 3 - -194. Let b = -55 + p. Suppose 4*o - b = o. Calculate the greatest common factor of o and 368.
46
Let t be 299 - (17 + (-948)/60 + 62/(-10)). What is the greatest common divisor of 665 and t?
19
Suppose 0 = -c - t + 13, c = 3*c - 3*t - 1. Let q be 678 + 7/28*c. Calculate the highest common divisor of q and 34.
34
Suppose -4*j - 3*w = -150, 2*j + 5*w + 0*w - 82 = 0. Calculate the greatest common factor of 564 and j.
12
Let j(t) = -25*t + 1. Let m be j(-1). Suppose 16 + 0 = 4*r. Let y = 17 - r. What is the greatest common divisor of m and y?
13
Let a = -747 - -1121. Let q(p) = -2 + 4 + 6*p**2 + p + 4*p**2 + 3*p. Let m be q(-2). What is the greatest common divisor of a and m?
34
Suppose -652*k = -622*k - 330. Calculate the greatest common divisor of k and 275.
11
Let o(y) = -2*y**2 - 20*y + 23. Suppose 16*s - 55 = 21*s. Let z be o(s). What is the greatest common divisor of z and 31?
1
Let s be -18*(1 - (-20)/(-8)). Let t(d) = 62*d**2 - 10*d + 1. Let f be t(4). Let u = -656 + f. What is the highest common divisor of u and s?
27
Let d = -178 - -179. Let a be ((-32)/24)/(d*(-4)/54). Calculate the highest common divisor of a and 846.
18
Let d = 349 - 346. Suppose 2*x - d*v - 417 = 0, -439 = -3*x + v + 190. Calculate the highest common factor of 84 and x.
42
Let b(t) = 2*t**2 - 5*t + 19. Let p be b(5). Suppose -48*x + p*x = -200. Calculate the highest common factor of 225 and x.
25
Suppose 76 = 19*j, -5*h = 5*j - 364 - 231. Let z = -12 - -58. Calculate the highest common divisor of h and z.
23
Suppose -2*k - 3*l = -232, 69*k - 64*k + 5*l = 560. Calculate the highest common factor of k and 1378.
26
Suppose 14*g = 7*g + 1890. Let h be ((-108)/30)/((-814)/g - -3). Suppose 2*b = -4*j + 34, 0 = -0*j - j - 5. Calculate the highest common divisor of b and h.
27
Let v be (-36)/(-54)*(-39819)/(-18) - (-4)/18. What is the highest common factor of 649 and v?
59
Let g be ((-10)/(-6))/((-184)/(-1656)). Calculate the highest common factor of 9705 and g.
15
Let j(s) = s**2 - 39*s - 312. Let r be j(-7). Let f(d) = 6*d**3 + 2*d**2 + d - 3. Let w be f(2). Calculate the greatest common divisor of w and r.
5
Let p be (165/(-6))/(1/(-2)). Let z = -1085 - -1088. Suppose p = z*s - 4*q - 0*q, q = 4*s - 56. What is the greatest common factor of 104 and s?
13
Suppose 2*b - 142 = 2*w, 0 = 3*w + w + 4*b + 244. Let j = 111 + w. Let k be j/6*(700/15)/5. Calculate the greatest common factor of 14 and k.
14
Suppose 0 = -o - 4*i + 1614, -2*o + i - 238 + 3412 = 0. What is the highest common divisor of 5 and o?
5
Suppose k + 159 = 2*h - 175, -3*h - 2*k = -494. Calculate the highest common factor of h and 4067.
83
Let f be (-168116)/(-468) - (-2 - 20/(-9)). Suppose -21*z - f = -9536. What is the greatest common factor of 23 and z?
23
Let j = 204 - 344. Let m = 200 + j. Calculate the greatest common divisor of m and 100.
20
Let l be (-52 - -67)*((-884)/(-20) - (-3 - -2)). What is the highest common divisor of 21 and l?
3
Suppose -33*o + 4*g = -39*o + 42, -5*o = -4*g - 13. Calculate the highest common divisor of o and 4765.
5
Suppose -36*u + 1018 + 345 = -2633. What is the greatest common factor of 1850 and u?
37
Let f(n) = 23*n**2 - 36*n - 186. Let b be f(-6). What is the highest common factor of 66 and b?
66
Let g(o) = -8*o - 13. Let n be g(-12). Suppose -9*w + n = -241. Calculate the highest common divisor of w and 8.
4
Suppose 1861833 = -144*u + 379*u - 173032. What is the greatest common divisor of u and 7?
7
Suppose -19*b = -24014 - 32663. Calculate the highest common factor of 1413 and b.
157
Let o = 58 - 26. Suppose 22*a - 45 = -1. Calculate the greatest common factor of a and o.
2
Suppose 10*x - 28 = 3*x. Suppose 8 = -x*v + 4*o, 4*v - 3*o + 13 = 2*o. Calculate the highest common factor of v and 27.
3
Let i = -24 + 27. Suppose v - 55 = 3*n, i*n + 5 = 2*n. Suppose 5*o - 22 = 3*j + v, 0 = -4*o + 5*j + 47. What is the greatest common divisor of o and 39?
13
Suppose -s + 5 = n, -2*s + n + 13 + 12 = 0. Let v = 2264 - 2214. Calculate the greatest common factor of v and s.
10
Let g = -7 - -10. Suppose 2*s + 19 = -g*o + 72, -4*s = 4*o - 64. Let j be (-58 - (-11134)/190)*(140/(-6))/(-2). What is the highest common factor of o and j?
7
Let x be ((24/(-10))/6)/((-4)/(-120)). Let u be (2 - x/(-6)) + 280. What is the greatest common factor of 35 and u?
35
Let p be 11 - (-29)/(870/1140). Let j = -101 + 171. Calculate the highest common divisor of j and p.
7
Let g = -13 - -15. Let z(u) = -u**2 - 12*u + 20. Let y be z(-10). Suppose 2*a - y = -g*c + a, a = c - 26. Calculate the greatest common divisor of 11 and c.
11
Suppose 5*m - 795 = 3*o, -63*m - o - 319 = -65*m. Calculate the greatest common factor of m and 18.
18
Let f be (4 - (-238)/(-49))/((-3)/14). Let y be ((-18)/(-30))/((-12)/(-90))*f. Calculate the highest common factor of 12 and y.
6
Let o = 7 + -4. Suppose o*j = 5*j - 96. Let b = 6525 - 6519. Calculate the greatest common divisor of b and j.
6
Let b = 14071 - 7632. Calculate the highest common factor of b and 548.
137
Suppose 0 = -4*m - 5*u + 105, 5*u = m + 6*u - 25. Suppose 0 = 5*y + 2*s - 133, 4*y - 4*s - m - 92 = 0. What is the greatest common factor of y and 459?
27
Let g(f) = f**3 - 2*f**2 - 34*f - 7. Let y be g(7). Suppose y = -5*t + 89 + 11. Calculate the greatest common factor of t and 100.
20
Suppose 3*n - 536 = 349. Let f = -291 + n. Let r be -6*(1 + 22/(-6)). Calculate the greatest common factor of r and f.
4
Let d be (-6)/(-2)*(-370)/15. Let j = d + 104. Let a be (-3)/1*(-80)/j. What is the highest common divisor of a and 4?
4
Let d(y) = 4*y**3 + 290*y**2 - 149*y - 107. Let z be d(-73). What is the greatest common divisor of z and 6608?
112
Let j = 4883 + -4882. Calculate the greatest common divisor of 563 and j.
1
Let l be 5 + (2/8 - 90/40). Suppose -l*n + 9 = -3*i, n - 5*i + 10 = 1. Suppose -n*b + 66 = -6. Calculate the highest common divisor of 4 and b.
4
Let s(j) = 118*j - 275. Let r(d) = 29*d - 69. Let k(g) = -9*r(g) + 2*s(g). Let y be k(-19). What is the greatest common divisor of y and 42?
42
Let z(c) = -5*c - 172. Let g be z(-36). Suppose -143 = -g*v - 39. Calculate the greatest common factor of 13 and v.
13
Suppose -222*g = -152*g - 171220. What is the greatest common divisor of 2 and g?
2
Let f(i) = 4*i**2 + 23*i + 33. Let l = -300 + 290. Let c be f(l). Calculate the highest common divisor of c and 7.
7
Suppose 8*m - 979 = 1405. What is the highest common factor of m and 1341?
149
Let r be 201 + (-214 + 16)/18. What is the highest common divisor of 5035 and r?
95
Let w(u) = 780*u + 7998. Let o be w(-10). Calculate the greatest common divisor of o and 1746.
18
Suppose -4*a - 1704 = -10*a. Let q = 307 - a. What is the greatest common divisor of q and 667?
23
Let k(p) = -206*p - 4326. Let b be k(-23). Calculate the greatest common factor of b and 515.
103
Let q(k) = 11*k + 8. L